ded by b.
15
Let c = 421 - 408. Suppose 0 = v - 2*m - 39, -167 = 3*v - 8*v - 4*m. Calculate the remainder when v is divided by c.
9
Let q = -395 - -402. What is the remainder when 37 is divided by q?
2
Let o(h) = h**3 - 14*h**2 - 32*h + 30. What is the remainder when 329 is divided by o(16)?
29
Let h = -10 + 0. Let m be (h/20)/((-2)/(-244)). Let b = 5 - m. Calculate the remainder when b is divided by 17.
15
Suppose 2*q + 38 = 2*f, -4*f + 3*q + 45 + 34 = 0. What is the remainder when 32 is divided by f?
10
Let q = -1517 - -1597. Calculate the remainder when q is divided by 9.
8
Let p(l) = 3*l**2 - 6*l + 3. Let r be p(2). Suppose 0 = -r*j - 35 + 62. Calculate the remainder when 87 is divided by j.
6
What is the remainder when (-27084)/(-52) + -5 + 268/52 is divided by 18?
17
Suppose -2*l + 182 = -3*i + 54, -10 = 5*i. What is the remainder when l is divided by 8?
5
Calculate the remainder when ((-684)/(-30))/((-4)/(-30)) is divided by 16.
11
Let g(d) = -d + 1. Let l(c) = 5*c**2 + 3*c - 4. Let z(n) = 3*g(n) + l(n). Let f be z(-1). Suppose 25 = f*a - 19. What is the remainder when a is divided by 7?
4
Suppose 30*o = 28*o + 5*m + 59, o - 3*m - 31 = 0. Let r be ((-8)/10)/((-4)/10). Calculate the remainder when o is divided by ((-12)/(-5))/(r/10).
10
Suppose 4*y - 3 = -3*j, 2*y + 2 = 3*j - j. Suppose -4*i - 2 + 18 = y. Suppose 0 = -i*p - 7 + 23. Calculate the remainder when 18 is divided by p.
2
Let g = 25 + -27. Let r(h) = 3*h**2 + 4. What is the remainder when 47 is divided by r(g)?
15
Let i(z) = 24*z + 257. Calculate the remainder when 2311 is divided by i(-7).
86
Suppose -2*a = -0*a - 6. Suppose 4*o - 364 = -4*b, -a*b + 11 + 78 = o. Suppose 0 = -h - 3*h + o. Calculate the remainder when 89 is divided by h.
20
Suppose -3*l + 8*l = 2*f - 218, -2*f - l = -242. Let r(j) = -j**2 - 30*j - 195. What is the remainder when f is divided by r(-15)?
29
Suppose 2*f - 7*f = -4*b - 44, 0 = f + 5*b - 3. Suppose -4 = d, 5*s + 3*d - 179 = -161. What is the remainder when f is divided by s?
2
Let a = -80 - -141. Let m(o) = -o**3 - 4*o**2 + o + 1. Calculate the remainder when a is divided by m(-5).
19
Suppose -3*z = -55 - 92. What is the remainder when z is divided by 21?
7
Let p(q) = -q**3 + 2*q**2 + 25*q + 12. What is the remainder when 263 is divided by p(6)?
11
Suppose 0 = -0*i - 4*i + 3*s + 56, 3*i - 42 = -3*s. Let d be 44/16 + 2/8. Let o = 50 + d. Calculate the remainder when o is divided by i.
11
Suppose 3675 = 11*i - 4575. Calculate the remainder when i is divided by 28.
22
Suppose n + 4 = 0, -3*n = -6*z + 9*z - 363. Let a(q) = q**2 - 3*q + 4. What is the remainder when z is divided by a(-4)?
29
Let r = -494 - -529. What is the remainder when 77 is divided by r?
7
Let b = -12 + 16. Let l(s) = 5*s - 4*s + 5 + 0*s - b*s. What is the remainder when l(-6) is divided by 13?
10
Suppose -264 = -3*v + 2*w, 42 = -v - 5*w + 113. What is the remainder when v is divided by 11?
9
Let r be 2/8 - 39/12. Let l(j) = -2*j**3 - 3*j**2 - 3*j + 3. Calculate the remainder when l(r) is divided by 11.
6
Let p(q) be the second derivative of q**3/3 + 6*q. Calculate the remainder when 27 is divided by p(3).
3
Let m = -3 - -5. Let c = m + 18. Suppose 32*z = -8*z + 1480. Calculate the remainder when z is divided by c.
17
Let h = 69 + -164. Let u = h + 110. Calculate the remainder when 133 is divided by u.
13
Let f be 2055/548*((-4)/(-3) + 0). Let b be 6/(-4)*(-3 - -1). Suppose 10*w - 5*w = f*l + 175, b*w - 101 = 4*l. Calculate the remainder when w is divided by 21.
18
Suppose 0 = n + 4*q - 15, 27 - 2 = 5*n - 5*q. Suppose 3*j = m - 60, -153 = -2*m - n*j + 2*j. What is the remainder when m is divided by 14?
13
Suppose 354 = 3*i - 4*u, 6 + 327 = 3*i + 3*u. Let f be (-6)/(-15)*3*-5. What is the remainder when -2 - 0 - i/f is divided by 5?
2
Let r = -131 + 166. Suppose -r = 6*z - 53. Calculate the remainder when 4 is divided by z.
1
Suppose -20 = -4*i - i. Suppose -6 + 42 = i*n. Calculate the remainder when 15 is divided by n.
6
Let y(q) = -q**2 + 5*q. Let t be y(4). Suppose 6*x - x - 72 = -h, 4*x + 3*h - 62 = 0. Calculate the remainder when x is divided by (-26)/(-6) + t/(-12).
2
Suppose -2*a - 2*a = -36. Let q(x) = -x**3 + 12*x**2 - 22*x + 8. What is the remainder when q(a) is divided by 9?
8
Suppose -2*y - y + 84 = 0. Calculate the remainder when y is divided by (27/21)/((-198)/(-2310)).
13
Suppose 98*m + 66*m - 193*m = -1682. Calculate the remainder when m is divided by (2 + 1)/(2/10).
13
Let v(l) = l**2 - 43*l + 241. Calculate the remainder when 64 is divided by v(5).
13
Let j(f) = 8*f**2 - 526*f - 67. Calculate the remainder when j(66) is divided by 4/(-14) + (-128)/(-7).
11
Let s(z) = 32*z - 36. What is the remainder when s(13) is divided by 77?
72
Let t = 12 - 7. Suppose 2*d = 10, 0 = -t*f - 2*d + 4*d + 70. What is the remainder when 61 - (-2 + 0) - 2 is divided by f?
13
Let m be 6/45 - (-4)/(-30). Suppose m = d - 82 - 60. What is the remainder when d is divided by 36?
34
Let u = -13 - -16. Let f(n) = 10*n - 7. Let g be f(u). Let v = g + -11. Calculate the remainder when 33 is divided by v.
9
What is the remainder when 507 is divided by 272/6*51/68?
31
Let w = -13 + 7. Let m be 4 + 7 + (w - -2). Let v(i) = i**3 - 8*i**2 + 10*i - 1. What is the remainder when 79 is divided by v(m)?
19
Let f = 113 - 82. Calculate the remainder when 80 is divided by f.
18
Suppose 4*g - 13 = -33, 0 = 3*p + 2*g - 59. Let r(k) = -13*k**3 - k**2. Calculate the remainder when p is divided by r(-1).
11
Let f = 592 - 404. What is the remainder when f is divided by 48?
44
Let h(c) = -c**3 + 2*c**2 - 10*c - 17. Calculate the remainder when 177 is divided by h(-3).
3
Let q = 39 - 33. Let z(f) = f**3 + f + 24. Calculate the remainder when z(0) is divided by (q/4)/((-2)/(-12)).
6
Let l(d) = d**3 + 5*d**2 + 3. Let o = -3 - 0. Calculate the remainder when o*((-11)/3 - -2) is divided by l(-5).
2
Let g = 54 + -46. Suppose -3*m = -2*m - g. What is the remainder when 24 is divided by m?
0
Let o(v) = v**3 - 5*v**2 - 5*v + 6. Let g = 1 + 5. Let j be o(g). Suppose 0*m - m = -j. Calculate the remainder when 33 is divided by m.
9
Let y = -18 - -23. Suppose -y*x + 157 + 63 = 0. What is the remainder when x is divided by 15?
14
Let m(p) = 13*p**3 + 2*p + 3. Let w(f) = -f**3 - f - 1. Let c(a) = -m(a) - 5*w(a). What is the remainder when 33 is divided by c(-1)?
5
Calculate the remainder when -96*(-16)/12 - -1 is divided by 26.
25
Calculate the remainder when 522 is divided by (-16)/((-16)/3) - -13.
10
Let j(l) = 5*l + 39. Let t be j(16). Suppose -w + t = 34. Calculate the remainder when w is divided by 22.
19
Suppose -j - 110 = -6*j. Let l = -22 + j. Suppose l - 19 = -t. Calculate the remainder when 73 is divided by t.
16
Let x(b) = b**2 + b. Let u(g) = -5*g**2 - g + 10. Let m(r) = u(r) + 6*x(r). Calculate the remainder when m(-3) is divided by 2.
0
Suppose -3*q - 549 = -3*t, -2*t - 56*q = -53*q - 346. Calculate the remainder when t is divided by 47.
38
Let h(y) = 17*y**2 + 3*y - 3. Suppose 0 = o - 5*w - 65, 95 = -0*o + 2*o - 3*w. Let l = o + -16. What is the remainder when h(2) is divided by l?
23
What is the remainder when -4 + (38 - 42 - (-1 + -109)) is divided by 53?
49
Suppose 10*i = 5*i + 5*v, 0 = 2*i + v - 15. Let r be (4/3)/(10/(-30)). Let p(l) = 2*l + 11. What is the remainder when i is divided by p(r)?
2
Suppose -3*l - 2*l = 30. Let b(j) = j**3 + 8*j**2 + 8*j - 2. Let s be b(l). Suppose 2*w + s - 108 = 0. What is the remainder when w is divided by 15?
13
Suppose -22 = -3*v + s, -2*v + s + 9 + 7 = 0. Suppose -5*l + 5*n + 260 = 0, 2*l + n - v*n - 104 = 0. What is the remainder when 203 is divided by l?
47
Let h(c) = -24*c**2 - 7 + 2*c**2 + 13*c + 9*c**2 - c**3. Suppose -g - 14 = -0*g. Calculate the remainder when h(g) is divided by 5.
2
Let m(q) = -q**3 + 9*q**2 - 3*q - 8. Suppose -3*j + 5*b = -0*j - 64, -4*b - 80 = -4*j. What is the remainder when m(8) is divided by j?
14
Let n(h) = 11*h. Suppose -14*s = -486 - 242. What is the remainder when s is divided by n(1)?
8
Let t(f) = f**3 + f**3 - 8*f + 12 + 3*f**3 - 8*f**2 - 4*f**3. Calculate the remainder when 60 is divided by t(9).
18
Calculate the remainder when (8/(-6))/(14/(-3129)) is divided by 50.
48
Let p = 15 + 19. Suppose -4*n = -3*n - p. Let h = 30 - 21. What is